nd 113.
113
Let h = 110 - 110. Suppose q + 4*q = 5*k - 140, h = -q + 4. Calculate the highest common factor of 32 and k.
32
Let u be 8/(-5) - 12986/(-10). Suppose -6*f + u = 577. What is the highest common divisor of 300 and f?
60
Suppose -33*d + 29*d = 2*a - 1078, 1066 = 2*a - 2*d. Calculate the highest common divisor of a and 321.
107
Suppose 507*u = 513*u - 2718. What is the greatest common factor of 3 and u?
3
Let z be (1 - 1) + -1 - -91. Suppose -79*x - 46 = -84*x - 2*g, -x + 14 = g. Suppose -x*y = -5*y - z. What is the greatest common factor of y and 5?
5
Let r(a) = a**2 + 9*a + 12. Suppose 5*p + 38 = 4*d, -3*p + d = -0*d + 20. Let b be r(p). Let t = b - -16. Calculate the greatest common factor of t and 10.
10
Let t = -4 + 9. Suppose 13*y - 12 = 15*y. Let v be 38 - 6*(-3)/y. What is the highest common divisor of v and t?
5
Suppose -3*c - 165 = -3*w - 0*c, 4*w - 3*c - 221 = 0. Suppose -9 = -140*m + 2453 - 502. Calculate the greatest common factor of m and w.
14
Let j(t) = 5*t + 7. Let d(q) = -9*q - 12. Suppose h = 5*h - 28. Let b(x) = h*j(x) + 4*d(x). Let p be b(-3). Calculate the greatest common factor of p and 76.
4
Let b(r) = -531*r + 2675. Let s be b(5). Let p(n) = n**3 - n**2 - n + 5. Let d be p(5). Suppose -j - d = -6*j. Calculate the greatest common factor of s and j.
20
Let z be 6/(-4)*(1600/(-24) - -12). What is the highest common factor of z and 656?
82
Let m be 86 - (-33)/((-825)/(-125)). Calculate the greatest common factor of m and 156.
13
Let t be (-164)/(-9) + (-10)/(-360)*-8. Suppose 13*g - t*g + 600 = 0. What is the greatest common factor of 300 and g?
60
Let v(h) = h. Let w(j) = -j**2 + 13. Let z(y) = 4*v(y) + w(y). Let u be z(7). Let d be (-2)/(u - 0) + 99/4. What is the greatest common factor of d and 50?
25
Let z be (-70)/(-1) - (14 + -16). Suppose -3*t - 51 = 4*d - 80, -4*d = 5*t - 27. What is the greatest common factor of d and z?
8
Suppose -l - 5*v + 607 = -404, v + 3081 = 3*l. Suppose 18*t - l = -9*t. What is the highest common factor of 266 and t?
38
Let m be 135/((-2775)/(-390) - 7). Calculate the highest common factor of m and 10062.
234
Let t(a) = a**2 + 2*a + 12. Let d = -37 + 37. Let s be t(d). Let k be ((0 - s) + -1)/((-8)/24). Calculate the greatest common divisor of 195 and k.
39
Let w(b) = b**2 + 117*b + 610. Let y be w(-5). Calculate the greatest common factor of 325 and y.
25
Let q = 40 - 8. Suppose 47*s - 42*s = 60. Let m(t) = -t**3 + 11*t**2 + 21*t - 100. Let y be m(s). What is the highest common divisor of y and q?
8
Let d = -909 - -912. Suppose -d*w - 599 = -6*w - c, 0 = 4*w - 3*c - 816. Calculate the highest common divisor of w and 268.
67
Let n be (-21)/(-35)*5 + 5. Let f be 5/20*n + 4. Calculate the greatest common factor of 114 and f.
6
Let w = 15 - 14. Let k = 1373 + -1330. Calculate the highest common factor of k and w.
1
Let b(w) = -6*w - 45. Let u be b(-11). Let z(f) = -10*f**2 - 6*f**2 - f**3 - u + 26*f + 26*f**2. Let d be z(12). What is the greatest common factor of 1 and d?
1
Let d be (2 + -6 - 3) + 16. Suppose -d*x + 11*x = 52. What is the greatest common divisor of 39 and x?
13
Let w = -2009 - -2658. What is the highest common factor of w and 44?
11
Let a(k) be the second derivative of k**5/20 - k**4/12 + 3*k**3/2 - 19*k**2/2 + 35*k. Let b be a(5). What is the highest common factor of 42 and b?
42
Let b = -11 - -33. Suppose -13307*z + 13234*z = -527 - 57. Calculate the greatest common divisor of z and b.
2
Suppose -46*d + 5723 = 1859. Let y = -8 - -20. What is the highest common factor of y and d?
12
Suppose -5*h - 11 = o + 4, 0 = 5*h - 5*o + 15. Let r be 10/h*7*(-3)/2. Calculate the highest common factor of 56 and r.
7
Let y = -38 - -74. Suppose 4*c = 16*c - y. Suppose 223 = c*m - 4*t, 2*m = 2*t + 10 + 140. Calculate the greatest common divisor of m and 22.
11
Suppose 19 + 355 = 11*y. Let s be (-2 - (-15)/6)*16. Let w be 2/s + 2853/12. What is the highest common divisor of y and w?
34
Suppose 41*v - 34*v - 147 = 0. Let c = -305 + 998. Suppose -c = -2*j - j. What is the highest common factor of j and v?
21
Let c = 821 + -245. Suppose 5*d - c = d. Let s = -158 + 174. What is the highest common factor of d and s?
16
Let t(s) = s**2 - 36*s + 71. Let h be t(34). Suppose -h*n + 82 = -3*l + 2*l, -3*n - 3*l = -102. Calculate the highest common factor of 464 and n.
29
Suppose 3*i - 6*i = 0, -3*w - 4*i = -369. Let m = w - -119. Calculate the highest common divisor of 88 and m.
22
Suppose 7*z - 15*z = -200. Let k(j) = j - 22. Let i be k(z). Let r(d) = -d**2 + 2*d + 5. Let f be r(i). Calculate the greatest common factor of 5 and f.
1
Let c(j) = 2*j**2 + 7*j + 9. Let v be c(-2). What is the highest common divisor of v and 3309?
3
Let j = 22717 - 22353. Calculate the highest common divisor of j and 1288.
28
Let i be -6*(0 + 4/(-6)). Suppose 0 = i*h - q - 110, 0 = 3*h - h - 3*q - 50. What is the greatest common factor of 7 and h?
7
Suppose 54*x - 12896 = 2*x. What is the highest common factor of x and 128?
8
Let f(k) = k + 14. Let z = -52 - -53. Let x(d) = 5*d**2 + 2*d - 3. Let t be x(z). Let h be f(t). Calculate the highest common divisor of h and 6.
6
Let q(z) = 3*z + 11. Let k be q(-4). Let m be k + 0 - 413/28*-4. What is the highest common divisor of m and 406?
58
Let d be 957 - 70/45*9. What is the highest common factor of 92 and d?
23
Suppose -2*i + 4*i = 2*t - 28, -8 = 2*t + 4*i. Let c(q) = 51*q + 1. Let z be c(1). What is the highest common factor of z and t?
4
Let x = 695 + -680. Calculate the highest common factor of 7845 and x.
15
Let p = 129 + -117. Suppose d = 5*m - 10, 15 - 81 = -5*d - 4*m. Let i be d/(-65) - (-1564)/26. Calculate the greatest common divisor of i and p.
12
Let u(p) = -p**3 - 10*p**2 - 5*p + 91. Let n be u(-10). Suppose -12 = 3*a, -4*v - 4*a + a = 0. Calculate the greatest common divisor of n and v.
3
Let y = 16 + -14. Suppose 0 = 4*n - y - 6. Suppose n*h + 7*h = 18. Calculate the highest common divisor of 5 and h.
1
Let p be (9/6)/(8/(-2128)). Let u = -388 - p. What is the highest common factor of u and 341?
11
Let q = 4687 + -3831. Calculate the highest common divisor of 32 and q.
8
Suppose -64*k - 83*k + 108780 = 0. Calculate the greatest common factor of k and 100.
20
Let d(a) = 2*a - 55 + 22 + 1 + 3*a. Let x be d(28). Calculate the greatest common divisor of x and 72.
36
Let o be (-516)/(-9030) + (-943)/(-35). Calculate the highest common factor of o and 2.
1
Let a = 1707 - 1701. Calculate the greatest common factor of a and 438.
6
Let r(w) = w**2 + 14*w - 144. Let s(d) = -14*d - 7. Let n be s(1). Let y be r(n). Calculate the greatest common divisor of y and 3.
3
Let b = 13 - 2. Let h be (20/50)/((-41)/(-164)) + 5154/10. What is the highest common divisor of h and b?
11
Suppose 487*z - 490*z + 6 = 0. Suppose 2*m - 72 = 13*u - 11*u, z*m - 60 = 5*u. Let a be (-18)/(-1*2/40). What is the highest common divisor of a and m?
40
Let g = -11904 - -12201. What is the highest common divisor of 209 and g?
11
Let t = -23200 - -23314. Calculate the greatest common factor of t and 4503.
57
Suppose 3*b = 2*d + 1978, -d + 697 = b + 41. Suppose 0 = -30*c + 34*c - 28. What is the highest common divisor of c and b?
7
Suppose 2*o - 520 = 2*n, 9*o - 7*o = -5*n - 1279. Let z = n - -377. Calculate the greatest common factor of 36 and z.
12
Suppose 5*s - 57 = -2*y, y = 3*y + 4*s - 54. Let a = 142 - y. Let h be (-1716)/(-12)*2/26. Calculate the greatest common factor of h and a.
11
Suppose 134*b = 301 + 235. What is the highest common divisor of 1176 and b?
4
Suppose 4*k - 3*m = 3763, -256 = k - 5*m - 1167. Calculate the greatest common factor of 33 and k.
11
Suppose 9*c - c - 392 = 0. Suppose -980 = -69*z + c*z. What is the highest common divisor of z and 42?
7
Let b = 20 + -5. Let a(j) = 3*j**2 - 2*j**2 + 13*j - 16 - b - 26. Let q be a(-19). Calculate the highest common divisor of q and 3.
3
Suppose 179*x - 2022 = 484. Suppose 0 = -q - 3*h + 121, 0 = 4*q - h - 147 - 389. What is the greatest common divisor of x and q?
7
Suppose 232*a - 47*a = 6660. Suppose -x = -6 + 3. Suppose c - 3*p = -0*p + 21, x*c = -5*p + 77. Calculate the greatest common divisor of a and c.
12
Let t(s) = -s**3 + s**2 + s + 4. Let w be t(0). Suppose p = w*n + 4*p - 915, 0 = -5*n - p + 1141. What is the greates